{"id":343,"date":"2025-05-16T15:11:46","date_gmt":"2025-05-16T13:11:46","guid":{"rendered":"https:\/\/www.phyginet.fr\/?page_id=343"},"modified":"2025-05-16T15:12:20","modified_gmt":"2025-05-16T13:12:20","slug":"nos-partenaires","status":"publish","type":"page","link":"https:\/\/www.phyginet.fr\/index.php\/nos-partenaires\/","title":{"rendered":"Nos partenaires"},"content":{"rendered":"\t\t<div data-elementor-type=\"wp-page\" data-elementor-id=\"343\" class=\"elementor elementor-343\">\n\t\t\t\t<div class=\"elementor-element elementor-element-9c36a3e e-flex e-con-boxed e-con e-parent\" data-id=\"9c36a3e\" data-element_type=\"container\" data-e-type=\"container\">\n\t\t\t\t\t<div class=\"e-con-inner\">\n\t\t\t\t<div class=\"elementor-element elementor-element-5af01b4 elementor-widget elementor-widget-heading\" data-id=\"5af01b4\" data-element_type=\"widget\" data-e-type=\"widget\" data-widget_type=\"heading.default\">\n\t\t\t\t<div class=\"elementor-widget-container\">\n\t\t\t\t\t<h2 class=\"elementor-heading-title elementor-size-default\">Qui sont nos partenaires ?<\/h2>\t\t\t\t<\/div>\n\t\t\t\t<\/div>\n\t\t\t\t<div class=\"elementor-element elementor-element-75f7617 elementor-widget elementor-widget-spacer\" data-id=\"75f7617\" data-element_type=\"widget\" data-e-type=\"widget\" data-widget_type=\"spacer.default\">\n\t\t\t\t<div class=\"elementor-widget-container\">\n\t\t\t\t\t\t\t<div class=\"elementor-spacer\">\n\t\t\t<div class=\"elementor-spacer-inner\"><\/div>\n\t\t<\/div>\n\t\t\t\t\t\t<\/div>\n\t\t\t\t<\/div>\n\t\t\t\t<div class=\"elementor-element elementor-element-097e916 elementor-widget elementor-widget-text-editor\" data-id=\"097e916\" data-element_type=\"widget\" data-e-type=\"widget\" data-widget_type=\"text-editor.default\">\n\t\t\t\t<div class=\"elementor-widget-container\">\n\t\t\t\t\t\t\t\t\t<p><strong>Branche propret\u00e9 &#8211; Organisations<\/strong><\/p>\t\t\t\t\t\t\t\t<\/div>\n\t\t\t\t<\/div>\n\t\t<div class=\"elementor-element elementor-element-032ca4a e-grid e-con-full e-con e-child\" data-id=\"032ca4a\" data-element_type=\"container\" data-e-type=\"container\">\n\t\t\t\t<div class=\"elementor-element elementor-element-81d14a8 elementor-widget elementor-widget-image\" data-id=\"81d14a8\" data-element_type=\"widget\" data-e-type=\"widget\" data-widget_type=\"image.default\">\n\t\t\t\t<div class=\"elementor-widget-container\">\n\t\t\t\t\t\t\t\t\t\t\t\t\t\t\t<img fetchpriority=\"high\" decoding=\"async\" width=\"1024\" height=\"260\" src=\"https:\/\/www.phyginet.fr\/wp-content\/uploads\/2025\/05\/Logo_FEP_2021_CSO-1024x260.jpg\" class=\"attachment-large size-large wp-image-348\" alt=\"\" srcset=\"https:\/\/www.phyginet.fr\/wp-content\/uploads\/2025\/05\/Logo_FEP_2021_CSO-1024x260.jpg 1024w, https:\/\/www.phyginet.fr\/wp-content\/uploads\/2025\/05\/Logo_FEP_2021_CSO-300x76.jpg 300w, https:\/\/www.phyginet.fr\/wp-content\/uploads\/2025\/05\/Logo_FEP_2021_CSO-768x195.jpg 768w, https:\/\/www.phyginet.fr\/wp-content\/uploads\/2025\/05\/Logo_FEP_2021_CSO-1536x390.jpg 1536w, https:\/\/www.phyginet.fr\/wp-content\/uploads\/2025\/05\/Logo_FEP_2021_CSO-2048x521.jpg 2048w\" sizes=\"(max-width: 1024px) 100vw, 1024px\" \/>\t\t\t\t\t\t\t\t\t\t\t\t\t\t\t<\/div>\n\t\t\t\t<\/div>\n\t\t\t\t<\/div>\n\t\t\t\t\t<\/div>\n\t\t\t\t<\/div>\n\t\t<div class=\"elementor-element elementor-element-da439c0 e-flex e-con-boxed e-con e-parent\" data-id=\"da439c0\" data-element_type=\"container\" data-e-type=\"container\">\n\t\t\t\t\t<div class=\"e-con-inner\">\n\t\t\t\t<div class=\"elementor-element elementor-element-20723a5 elementor-widget elementor-widget-spacer\" data-id=\"20723a5\" data-element_type=\"widget\" data-e-type=\"widget\" data-widget_type=\"spacer.default\">\n\t\t\t\t<div class=\"elementor-widget-container\">\n\t\t\t\t\t\t\t<div class=\"elementor-spacer\">\n\t\t\t<div class=\"elementor-spacer-inner\"><\/div>\n\t\t<\/div>\n\t\t\t\t\t\t<\/div>\n\t\t\t\t<\/div>\n\t\t\t\t<div class=\"elementor-element elementor-element-f7ac181 elementor-widget elementor-widget-text-editor\" data-id=\"f7ac181\" data-element_type=\"widget\" data-e-type=\"widget\" data-widget_type=\"text-editor.default\">\n\t\t\t\t<div class=\"elementor-widget-container\">\n\t\t\t\t\t\t\t\t\t<p><strong>Insertion professionnelle et sociale<\/strong><\/p>\t\t\t\t\t\t\t\t<\/div>\n\t\t\t\t<\/div>\n\t\t<div class=\"elementor-element elementor-element-a4b214e e-grid e-con-full e-con e-child\" data-id=\"a4b214e\" data-element_type=\"container\" data-e-type=\"container\">\n\t\t\t\t<div class=\"elementor-element elementor-element-dedc6f1 elementor-widget elementor-widget-image\" data-id=\"dedc6f1\" data-element_type=\"widget\" data-e-type=\"widget\" data-widget_type=\"image.default\">\n\t\t\t\t<div class=\"elementor-widget-container\">\n\t\t\t\t\t\t\t\t\t\t\t\t\t\t\t<img decoding=\"async\" width=\"300\" height=\"140\" src=\"https:\/\/www.phyginet.fr\/wp-content\/uploads\/2025\/05\/cropped-LOGO-vertical-GEIQPOP@WEB-300x140-1.png\" class=\"attachment-large size-large wp-image-352\" alt=\"\" \/>\t\t\t\t\t\t\t\t\t\t\t\t\t\t\t<\/div>\n\t\t\t\t<\/div>\n\t\t\t\t<\/div>\n\t\t\t\t\t<\/div>\n\t\t\t\t<\/div>\n\t\t<div class=\"elementor-element elementor-element-cef328c e-flex e-con-boxed e-con e-parent\" data-id=\"cef328c\" data-element_type=\"container\" data-e-type=\"container\">\n\t\t\t\t\t<div class=\"e-con-inner\">\n\t\t\t\t<div class=\"elementor-element elementor-element-5e3f0d1 elementor-widget elementor-widget-spacer\" data-id=\"5e3f0d1\" data-element_type=\"widget\" data-e-type=\"widget\" data-widget_type=\"spacer.default\">\n\t\t\t\t<div class=\"elementor-widget-container\">\n\t\t\t\t\t\t\t<div class=\"elementor-spacer\">\n\t\t\t<div class=\"elementor-spacer-inner\"><\/div>\n\t\t<\/div>\n\t\t\t\t\t\t<\/div>\n\t\t\t\t<\/div>\n\t\t\t\t<div class=\"elementor-element elementor-element-93609c0 elementor-widget elementor-widget-text-editor\" data-id=\"93609c0\" data-element_type=\"widget\" data-e-type=\"widget\" data-widget_type=\"text-editor.default\">\n\t\t\t\t<div class=\"elementor-widget-container\">\n\t\t\t\t\t\t\t\t\t<p><strong>Fournisseurs<\/strong><\/p>\t\t\t\t\t\t\t\t<\/div>\n\t\t\t\t<\/div>\n\t\t\t\t<div class=\"elementor-element elementor-element-6d9aec0 elementor-widget elementor-widget-text-editor\" data-id=\"6d9aec0\" data-element_type=\"widget\" data-e-type=\"widget\" data-widget_type=\"text-editor.default\">\n\t\t\t\t<div class=\"elementor-widget-container\">\n\t\t\t\t\t\t\t\t\t<p>Quels sont nos crit\u00e8res de choix ? Nous choisissons nos fournisseurs prioritairement en fonction de l&rsquo;aspect \u00e9cologique en privil\u00e9giant la\u00a0 proximit\u00e9.<\/p><p>Nos points d&rsquo;attention : produits fabriqu\u00e9s en France, labels relatifs \u00e0 l&rsquo;\u00e9cologie.<\/p>\t\t\t\t\t\t\t\t<\/div>\n\t\t\t\t<\/div>\n\t\t\t\t\t<\/div>\n\t\t\t\t<\/div>\n\t\t\t\t<\/div>\n\t\t","protected":false},"excerpt":{"rendered":"<p>Qui sont nos partenaires ? Branche propret\u00e9 &#8211; Organisations Insertion professionnelle et sociale Fournisseurs Quels sont nos crit\u00e8res de choix [&hellip;]<\/p>\n","protected":false},"author":1,"featured_media":0,"parent":0,"menu_order":0,"comment_status":"closed","ping_status":"closed","template":"","meta":{"site-sidebar-layout":"no-sidebar","site-content-layout":"","ast-site-content-layout":"full-width-container","site-content-style":"default","site-sidebar-style":"default","ast-global-header-display":"","ast-banner-title-visibility":"","ast-main-header-display":"","ast-hfb-above-header-display":"","ast-hfb-below-header-display":"","ast-hfb-mobile-header-display":"","site-post-title":"disabled","ast-breadcrumbs-content":"","ast-featured-img":"disabled","footer-sml-layout":"","theme-transparent-header-meta":"","adv-header-id-meta":"","stick-header-meta":"","header-above-stick-meta":"","header-main-stick-meta":"","header-below-stick-meta":"","astra-migrate-meta-layouts":"default","ast-page-background-enabled":"default","ast-page-background-meta":{"desktop":{"background-color":"var(--ast-global-color-5)","background-image":"","background-repeat":"repeat","background-position":"center center","background-size":"auto","background-attachment":"scroll","background-type":"","background-media":"","overlay-type":"","overlay-color":"","overlay-opacity":"","overlay-gradient":""},"tablet":{"background-color":"","background-image":"","background-repeat":"repeat","background-position":"center center","background-size":"auto","background-attachment":"scroll","background-type":"","background-media":"","overlay-type":"","overlay-color":"","overlay-opacity":"","overlay-gradient":""},"mobile":{"background-color":"","background-image":"","background-repeat":"repeat","background-position":"center center","background-size":"auto","background-attachment":"scroll","background-type":"","background-media":"","overlay-type":"","overlay-color":"","overlay-opacity":"","overlay-gradient":""}},"ast-content-background-meta":{"desktop":{"background-color":"var(--ast-global-color-4)","background-image":"","background-repeat":"repeat","background-position":"center center","background-size":"auto","background-attachment":"scroll","background-type":"","background-media":"","overlay-type":"","overlay-color":"","overlay-opacity":"","overlay-gradient":""},"tablet":{"background-color":"var(--ast-global-color-4)","background-image":"","background-repeat":"repeat","background-position":"center center","background-size":"auto","background-attachment":"scroll","background-type":"","background-media":"","overlay-type":"","overlay-color":"","overlay-opacity":"","overlay-gradient":""},"mobile":{"background-color":"var(--ast-global-color-4)","background-image":"","background-repeat":"repeat","background-position":"center center","background-size":"auto","background-attachment":"scroll","background-type":"","background-media":"","overlay-type":"","overlay-color":"","overlay-opacity":"","overlay-gradient":""}},"footnotes":""},"class_list":["post-343","page","type-page","status-publish","hentry"],"yoast_head":"<!-- This site is optimized with the Yoast SEO plugin v27.3 - https:\/\/yoast.com\/product\/yoast-seo-wordpress\/ -->\n<title>Nos partenaires - PHYGINET<\/title>\n<meta name=\"robots\" content=\"index, follow, max-snippet:-1, max-image-preview:large, max-video-preview:-1\" \/>\n<link rel=\"canonical\" href=\"https:\/\/www.phyginet.fr\/index.php\/nos-partenaires\/\" \/>\n<meta property=\"og:locale\" content=\"fr_FR\" \/>\n<meta property=\"og:type\" content=\"article\" \/>\n<meta property=\"og:title\" content=\"Nos partenaires - PHYGINET\" \/>\n<meta property=\"og:description\" content=\"Qui sont nos partenaires ? Branche propret\u00e9 &#8211; Organisations Insertion professionnelle et sociale Fournisseurs Quels sont nos crit\u00e8res de choix [&hellip;]\" \/>\n<meta property=\"og:url\" content=\"https:\/\/www.phyginet.fr\/index.php\/nos-partenaires\/\" \/>\n<meta property=\"og:site_name\" content=\"PHYGINET\" \/>\n<meta property=\"article:modified_time\" content=\"2025-05-16T13:12:20+00:00\" \/>\n<meta property=\"og:image\" content=\"https:\/\/www.phyginet.fr\/wp-content\/uploads\/2025\/05\/Logo_FEP_2021_CSO-1024x260.jpg\" \/>\n<meta name=\"twitter:card\" content=\"summary_large_image\" \/>\n<meta name=\"twitter:label1\" content=\"Dur\u00e9e de lecture estim\u00e9e\" \/>\n\t<meta name=\"twitter:data1\" content=\"1 minute\" \/>\n<script type=\"application\/ld+json\" class=\"yoast-schema-graph\">{\"@context\":\"https:\\\/\\\/schema.org\",\"@graph\":[{\"@type\":\"WebPage\",\"@id\":\"https:\\\/\\\/www.phyginet.fr\\\/index.php\\\/nos-partenaires\\\/\",\"url\":\"https:\\\/\\\/www.phyginet.fr\\\/index.php\\\/nos-partenaires\\\/\",\"name\":\"Nos partenaires - PHYGINET\",\"isPartOf\":{\"@id\":\"https:\\\/\\\/www.phyginet.fr\\\/#website\"},\"primaryImageOfPage\":{\"@id\":\"https:\\\/\\\/www.phyginet.fr\\\/index.php\\\/nos-partenaires\\\/#primaryimage\"},\"image\":{\"@id\":\"https:\\\/\\\/www.phyginet.fr\\\/index.php\\\/nos-partenaires\\\/#primaryimage\"},\"thumbnailUrl\":\"https:\\\/\\\/www.phyginet.fr\\\/wp-content\\\/uploads\\\/2025\\\/05\\\/Logo_FEP_2021_CSO-1024x260.jpg\",\"datePublished\":\"2025-05-16T13:11:46+00:00\",\"dateModified\":\"2025-05-16T13:12:20+00:00\",\"breadcrumb\":{\"@id\":\"https:\\\/\\\/www.phyginet.fr\\\/index.php\\\/nos-partenaires\\\/#breadcrumb\"},\"inLanguage\":\"fr-FR\",\"potentialAction\":[{\"@type\":\"ReadAction\",\"target\":[\"https:\\\/\\\/www.phyginet.fr\\\/index.php\\\/nos-partenaires\\\/\"]}]},{\"@type\":\"ImageObject\",\"inLanguage\":\"fr-FR\",\"@id\":\"https:\\\/\\\/www.phyginet.fr\\\/index.php\\\/nos-partenaires\\\/#primaryimage\",\"url\":\"https:\\\/\\\/www.phyginet.fr\\\/wp-content\\\/uploads\\\/2025\\\/05\\\/Logo_FEP_2021_CSO-scaled.jpg\",\"contentUrl\":\"https:\\\/\\\/www.phyginet.fr\\\/wp-content\\\/uploads\\\/2025\\\/05\\\/Logo_FEP_2021_CSO-scaled.jpg\",\"width\":2560,\"height\":651},{\"@type\":\"BreadcrumbList\",\"@id\":\"https:\\\/\\\/www.phyginet.fr\\\/index.php\\\/nos-partenaires\\\/#breadcrumb\",\"itemListElement\":[{\"@type\":\"ListItem\",\"position\":1,\"name\":\"Accueil\",\"item\":\"https:\\\/\\\/www.phyginet.fr\\\/\"},{\"@type\":\"ListItem\",\"position\":2,\"name\":\"Nos partenaires\"}]},{\"@type\":\"WebSite\",\"@id\":\"https:\\\/\\\/www.phyginet.fr\\\/#website\",\"url\":\"https:\\\/\\\/www.phyginet.fr\\\/\",\"name\":\"PHYGINET\",\"description\":\"Entre vous et nous, c&#039;est net !\",\"publisher\":{\"@id\":\"https:\\\/\\\/www.phyginet.fr\\\/#organization\"},\"potentialAction\":[{\"@type\":\"SearchAction\",\"target\":{\"@type\":\"EntryPoint\",\"urlTemplate\":\"https:\\\/\\\/www.phyginet.fr\\\/?s={search_term_string}\"},\"query-input\":{\"@type\":\"PropertyValueSpecification\",\"valueRequired\":true,\"valueName\":\"search_term_string\"}}],\"inLanguage\":\"fr-FR\"},{\"@type\":\"Organization\",\"@id\":\"https:\\\/\\\/www.phyginet.fr\\\/#organization\",\"name\":\"PHYGINET\",\"url\":\"https:\\\/\\\/www.phyginet.fr\\\/\",\"logo\":{\"@type\":\"ImageObject\",\"inLanguage\":\"fr-FR\",\"@id\":\"https:\\\/\\\/www.phyginet.fr\\\/#\\\/schema\\\/logo\\\/image\\\/\",\"url\":\"https:\\\/\\\/www.phyginet.fr\\\/wp-content\\\/uploads\\\/2025\\\/05\\\/cropped-cropped-Logo-Horizontal-1-scaled-e1747232680916-1.png\",\"contentUrl\":\"https:\\\/\\\/www.phyginet.fr\\\/wp-content\\\/uploads\\\/2025\\\/05\\\/cropped-cropped-Logo-Horizontal-1-scaled-e1747232680916-1.png\",\"width\":270,\"height\":110,\"caption\":\"PHYGINET\"},\"image\":{\"@id\":\"https:\\\/\\\/www.phyginet.fr\\\/#\\\/schema\\\/logo\\\/image\\\/\"}}]}<\/script>\n<!-- \/ Yoast SEO plugin. -->","yoast_head_json":{"title":"Nos partenaires - PHYGINET","robots":{"index":"index","follow":"follow","max-snippet":"max-snippet:-1","max-image-preview":"max-image-preview:large","max-video-preview":"max-video-preview:-1"},"canonical":"https:\/\/www.phyginet.fr\/index.php\/nos-partenaires\/","og_locale":"fr_FR","og_type":"article","og_title":"Nos partenaires - PHYGINET","og_description":"Qui sont nos partenaires ? Branche propret\u00e9 &#8211; Organisations Insertion professionnelle et sociale Fournisseurs Quels sont nos crit\u00e8res de choix [&hellip;]","og_url":"https:\/\/www.phyginet.fr\/index.php\/nos-partenaires\/","og_site_name":"PHYGINET","article_modified_time":"2025-05-16T13:12:20+00:00","og_image":[{"url":"https:\/\/www.phyginet.fr\/wp-content\/uploads\/2025\/05\/Logo_FEP_2021_CSO-1024x260.jpg","type":"","width":"","height":""}],"twitter_card":"summary_large_image","twitter_misc":{"Dur\u00e9e de lecture estim\u00e9e":"1 minute"},"schema":{"@context":"https:\/\/schema.org","@graph":[{"@type":"WebPage","@id":"https:\/\/www.phyginet.fr\/index.php\/nos-partenaires\/","url":"https:\/\/www.phyginet.fr\/index.php\/nos-partenaires\/","name":"Nos partenaires - PHYGINET","isPartOf":{"@id":"https:\/\/www.phyginet.fr\/#website"},"primaryImageOfPage":{"@id":"https:\/\/www.phyginet.fr\/index.php\/nos-partenaires\/#primaryimage"},"image":{"@id":"https:\/\/www.phyginet.fr\/index.php\/nos-partenaires\/#primaryimage"},"thumbnailUrl":"https:\/\/www.phyginet.fr\/wp-content\/uploads\/2025\/05\/Logo_FEP_2021_CSO-1024x260.jpg","datePublished":"2025-05-16T13:11:46+00:00","dateModified":"2025-05-16T13:12:20+00:00","breadcrumb":{"@id":"https:\/\/www.phyginet.fr\/index.php\/nos-partenaires\/#breadcrumb"},"inLanguage":"fr-FR","potentialAction":[{"@type":"ReadAction","target":["https:\/\/www.phyginet.fr\/index.php\/nos-partenaires\/"]}]},{"@type":"ImageObject","inLanguage":"fr-FR","@id":"https:\/\/www.phyginet.fr\/index.php\/nos-partenaires\/#primaryimage","url":"https:\/\/www.phyginet.fr\/wp-content\/uploads\/2025\/05\/Logo_FEP_2021_CSO-scaled.jpg","contentUrl":"https:\/\/www.phyginet.fr\/wp-content\/uploads\/2025\/05\/Logo_FEP_2021_CSO-scaled.jpg","width":2560,"height":651},{"@type":"BreadcrumbList","@id":"https:\/\/www.phyginet.fr\/index.php\/nos-partenaires\/#breadcrumb","itemListElement":[{"@type":"ListItem","position":1,"name":"Accueil","item":"https:\/\/www.phyginet.fr\/"},{"@type":"ListItem","position":2,"name":"Nos partenaires"}]},{"@type":"WebSite","@id":"https:\/\/www.phyginet.fr\/#website","url":"https:\/\/www.phyginet.fr\/","name":"PHYGINET","description":"Entre vous et nous, c&#039;est net !","publisher":{"@id":"https:\/\/www.phyginet.fr\/#organization"},"potentialAction":[{"@type":"SearchAction","target":{"@type":"EntryPoint","urlTemplate":"https:\/\/www.phyginet.fr\/?s={search_term_string}"},"query-input":{"@type":"PropertyValueSpecification","valueRequired":true,"valueName":"search_term_string"}}],"inLanguage":"fr-FR"},{"@type":"Organization","@id":"https:\/\/www.phyginet.fr\/#organization","name":"PHYGINET","url":"https:\/\/www.phyginet.fr\/","logo":{"@type":"ImageObject","inLanguage":"fr-FR","@id":"https:\/\/www.phyginet.fr\/#\/schema\/logo\/image\/","url":"https:\/\/www.phyginet.fr\/wp-content\/uploads\/2025\/05\/cropped-cropped-Logo-Horizontal-1-scaled-e1747232680916-1.png","contentUrl":"https:\/\/www.phyginet.fr\/wp-content\/uploads\/2025\/05\/cropped-cropped-Logo-Horizontal-1-scaled-e1747232680916-1.png","width":270,"height":110,"caption":"PHYGINET"},"image":{"@id":"https:\/\/www.phyginet.fr\/#\/schema\/logo\/image\/"}}]}},"_links":{"self":[{"href":"https:\/\/www.phyginet.fr\/index.php\/wp-json\/wp\/v2\/pages\/343","targetHints":{"allow":["GET"]}}],"collection":[{"href":"https:\/\/www.phyginet.fr\/index.php\/wp-json\/wp\/v2\/pages"}],"about":[{"href":"https:\/\/www.phyginet.fr\/index.php\/wp-json\/wp\/v2\/types\/page"}],"author":[{"embeddable":true,"href":"https:\/\/www.phyginet.fr\/index.php\/wp-json\/wp\/v2\/users\/1"}],"replies":[{"embeddable":true,"href":"https:\/\/www.phyginet.fr\/index.php\/wp-json\/wp\/v2\/comments?post=343"}],"version-history":[{"count":31,"href":"https:\/\/www.phyginet.fr\/index.php\/wp-json\/wp\/v2\/pages\/343\/revisions"}],"predecessor-version":[{"id":376,"href":"https:\/\/www.phyginet.fr\/index.php\/wp-json\/wp\/v2\/pages\/343\/revisions\/376"}],"wp:attachment":[{"href":"https:\/\/www.phyginet.fr\/index.php\/wp-json\/wp\/v2\/media?parent=343"}],"curies":[{"name":"wp","href":"https:\/\/api.w.org\/{rel}","templated":true}]}}